
18
Suppose -406*g + 403*g + 1419 = 0. Calculate the highest common factor of g and 11.
11
Let y(c) = 2*c**2 + 50*c - 348. Let k be y(6). What is the highest common factor of k and 5796?
12
Suppose 7*p + 63 = 63. Suppose g - 20 - 20 = p. What is the highest common divisor of 90 and g?
10
Let k = 19018 - 17432. What is the greatest common factor of 546 and k?
26
Let f(l) = -l**2 + l + 6. Let z be f(2). Suppose 0 = -5*y + z*u + 911, -9*y + u - 733 = -13*y. Calculate the highest common divisor of 61 and y.
61
Let m be ((-2 - -11) + -75)*(-1)/(-3). Let n be (46 + m)/(2/6). Calculate the greatest common factor of 360 and n.
72
Suppose 5*l - 11 - 9 = 0. Suppose t + 4*t - 244 = d, 4*t - l*d = 192. Let f(g) = 2*g + 8. Let c be f(3). Calculate the greatest common divisor of c and t.
7
Let c be (5/(-6 - -1))/((-1)/3). Suppose -1767 = -5*q - 4*h, 2*q - 211 - 482 = c*h. Calculate the greatest common divisor of q and 13.
13
Let x = -14329 - -14511. Calculate the greatest common factor of 247 and x.
13
Let p = -21 - -21. Suppose g - 19 = -a, -5*g + 6 - 1 = p. Suppose -5*l - 110 = -w, 3*l = 2*w - 3*w + 78. What is the highest common factor of a and w?
18
Let r(n) = n**3 - 7*n**2 - 8*n + 31. Let k be r(5). Let v be (k + -4)/(12/(-8)). Calculate the highest common factor of v and 126.
42
Let k(z) = -z**2 - 18*z - 55. Let j be k(-14). Let i = 22 - j. What is the highest common divisor of i and 189?
21
Let c be (4/4)/(1/(-254)). Let x = c + 317. Calculate the greatest common factor of 21 and x.
21
Let s = -6779 + 26643. Calculate the greatest common factor of 104 and s.
104
Suppose -21*i - 11*i + 65953 = -95647. Calculate the greatest common factor of i and 50.
50
Let h = -23277 - -23286. Calculate the greatest common factor of h and 9783.
9
Suppose 0*q + q - 1851 = 469. What is the highest common divisor of q and 120?
40
Suppose -5*d = -j - 210, -3*j = 3*d - 109 - 17. Calculate the highest common divisor of d and 826.
14
Let p(b) = 12*b**2 - 12*b. Let y be p(-4). Let s = -140 - -236. Calculate the highest common divisor of y and s.
48
Suppose -42441 = -13*o + 38718 + 48230. What is the greatest common factor of o and 37?
37
Suppose -3*a + 3488 = j, 1417 = 4*a + 4*j - 3231. Let t = a + -811. Calculate the highest common divisor of t and 44.
44
Suppose 17*y - 1820 = -157 + 3. Suppose 0*s + 70 = 5*s. What is the highest common divisor of y and s?
14
Let b(u) = -u**3 - 5*u**2 + u + 8. Let m be b(-5). Suppose 0 = -o - m, -4*o = 5*k - 3*o + 453. Let i = 104 + k. Calculate the highest common factor of 70 and i.
14
Suppose 0 = -0*p - 2*p - 10, 5*l - 3*p = 11340. Calculate the greatest common divisor of l and 3.
3
Suppose 11*h + 302 = 1402. Let p = 21 + h. Suppose -s = -z - 9, s + 0*s - 13 = -z. What is the highest common divisor of s and p?
11
Suppose 5*j = 5*r + 20, r + 20 = 11*j - 6*j. Suppose -j*b + 298 = 1246. Let x = b - -381. Calculate the highest common factor of 18 and x.
18
Let b = -25812 - -26007. Suppose 0 = -5*m - 18 + 168. Calculate the greatest common factor of b and m.
15
Let d(y) = 3*y**3 - 49*y**2 + 20*y - 756. Let r be d(17). Calculate the highest common factor of 12555 and r.
81
Suppose 0 = 2*z + 188 + 74. Let t = 76 + z. Let r = 55 - t. Calculate the greatest common divisor of r and 10.
10
Let f be 10 + 560/55 + 2/(-11). Calculate the highest common factor of f and 440.
20
Let f(q) = q**3 - 3*q**2 - 4*q - 4. Let z be f(5). Suppose 525*v - u - 28 = 524*v, -82 = -3*v + 2*u. Calculate the greatest common factor of v and z.
26
Let x = 6696 - 4377. Calculate the highest common divisor of 3 and x.
3
Let x = 421 - 426. Let v(l) = -3*l**3 - 13*l**2 - 7*l - 7. Let a be v(x). Calculate the highest common divisor of a and 9.
3
Suppose -2*u + 43 = -13. Let z be 70/1*24/u. What is the greatest common divisor of z and 36?
12
Let w be -6 + (-2 + (-116)/6)/(14/(-21)). What is the greatest common divisor of w and 24362?
26
Let f = -198 - -204. Let r be (-268)/f*(-1)/((-4)/(-42)). What is the highest common factor of r and 67?
67
Let l = -4375 + 4383. What is the highest common factor of 2228 and l?
4
Suppose 0 = -4*m + 669 + 1307. Suppose 4*z = 510 - m. Calculate the highest common divisor of 64 and z.
4
Let b(g) = 24*g**2 + 194*g - 145. Let c be b(-11). Calculate the greatest common divisor of 1075 and c.
25
Let a be ((-884)/3 - (-22)/33)*-3. What is the greatest common divisor of 105 and a?
21
Let g be 8/14*((-86310)/(-60))/3. Calculate the highest common factor of g and 1507.
137
Let g(z) = 2*z - 21. Let p = -95 - -134. Suppose 3*m - 2*m = 4, 3*u - 3*m = p. Let n be g(u). What is the greatest common factor of n and 65?
13
Let y = 4 + -3. Suppose 5*j + 20 = 0, 2*o + 6 = -5*j - 12. Calculate the highest common divisor of y and o.
1
Suppose -31*p + 33*p = 228. Suppose 0 = 116*l - p*l - 70. Suppose -3*i = 3*m - 1149, -4*m = i + 220 - 597. What is the greatest common factor of l and i?
35
Let s = 56 + -45. Let c(p) = p**2 - s*p**2 + 10*p + 3 - 5*p + 2*p**3. Let h be c(5). Calculate the highest common factor of 252 and h.
28
Let v be (2/(-4) - (-3)/(-6)) + -9 + 535. Calculate the greatest common factor of v and 105.
105
Let g = 29430 + -29419. What is the highest common divisor of g and 55121?
11
Suppose -i + 3*s = -2524, -768*i - 12674 = -773*i - 3*s. What is the greatest common divisor of i and 447?
149
Let q(d) = -2*d**2 + 21*d + 2. Let y = -181 + 191. Let z be q(y). What is the highest common factor of 42 and z?
6
Let l(q) = 20*q**2 - 6*q - 1. Let a be l(-2). Let z be 21/(-42) + 79/2. Calculate the highest common divisor of a and z.
13
Suppose -2*w - 2 = -d + 47, 5*d - 259 = 3*w. Suppose -2*g + l = -3*g - 47, 8 = -2*l. Let j = g + d. Calculate the highest common divisor of j and 2.
2
Let c be ((-35)/(-2))/(105/59472). Calculate the highest common divisor of c and 504.
168
Suppose 119 = -31*c + 16983. Suppose 22*k = c - 60. Calculate the greatest common factor of k and 77.
11
Let l be 6032/10 - -12 - (-6)/(-30). What is the greatest common factor of 30 and l?
15
Suppose 2*x - 80 = -3*t, 6*t + 27 = 7*t + x. Suppose 0 = -2*m + f + 231, -m - f + 471 = 3*m. Calculate the greatest common divisor of t and m.
13
Suppose -5*b + 2*b + 115 + 101 = 3*r, 0 = -r. Calculate the highest common factor of 72 and b.
72
Suppose 148 + 630 = 4*l - 2*q, 4*l + 3*q = 793. What is the greatest common divisor of 44 and l?
4
Let u be (-3 + 1)/(3/219). Let j = u - -135. Let d be -3*(2 - 3) + (1 - j). What is the highest common factor of d and 20?
5
Let x be (138/8)/((-94)/(-752)). What is the highest common factor of x and 48?
6
Suppose 46 = 3*t - 2*t. Suppose 5*u = v + 75, 5*u - 4*v = -2*v + 80. Let d be (-4)/u - 4/(-28)*485. What is the highest common divisor of t and d?
23
Let i = -9562 + 10108. Calculate the greatest common factor of i and 378.
42
Suppose 2*p - 20 = -3*p, 0 = -5*d - 5*p + 35. Suppose g = g - d*g. Suppose g*f - 144 = -6*f. What is the greatest common divisor of f and 192?
24
Let p = -41 - -41. Suppose -4*m + p*m = 0, -5*m = -g + 98. Let l be (-124)/(-9) + (-4)/(-18). Calculate the greatest common divisor of l and g.
14
Let t be 1*4/(-18) - 51863/(-63). Let j = -291 + t. Calculate the greatest common divisor of 28 and j.
28
Suppose 2*c = m + 4, -5*m - 8 = -4*c - 12. Suppose -d + 5*d + l = 46, -5*d + c*l = -68. Calculate the greatest common divisor of d and 12.
12
Let q(v) = v**2 - v - 2. Let n be q(4). Suppose z + n = -4*z. Let p = 189 + z. What is the highest common factor of p and 17?
17
Let v be ((-26996)/(-4764))/((-1)/(-6)). Let m be 5 - 3 - 1*2. Suppose m = n - 0*p - 2*p - 43, 2*n - 106 = -p. What is the highest common divisor of n and v?
17
Let g(h) = 3*h**2 - 5*h - 18. Let j be g(-7). Suppose 3*r - j = 2*p - p, 3*p = 3*r - 162. Let c = -25 + r. Calculate the highest common divisor of c and 10.
10
Let l be 30540/27 - (-6)/(-54). What is the highest common factor of l and 58?
29
Suppose -4*q = 4*g + 24, -4*q + 12 = -5*g - 0*g. Let f be (0 + 176/12)*(-6)/g. Suppose -27*n + 300 = -f*n. What is the greatest common divisor of n and 24?
12
Let k = 6221 - 5806. What is the highest common factor of k and 1162?
83
Suppose -5*q + 14 = -2*q - j, -4*j + 12 = 5*q. Suppose q*r = 4*i - 5*i + 28, -3*r - 89 = -2*i. Calculate the highest common divisor of i and 140.
20
Let j be 10